{"id":58,"date":"2021-06-02T22:33:33","date_gmt":"2021-06-02T22:33:33","guid":{"rendered":"http:\/\/masbroker.com\/?page_id=58"},"modified":"2021-06-04T19:15:49","modified_gmt":"2021-06-04T19:15:49","slug":"productos","status":"publish","type":"page","link":"http:\/\/masbroker.com\/?page_id=58","title":{"rendered":"Productos"},"content":{"rendered":"\t\t<div data-elementor-type=\"wp-page\" data-elementor-id=\"58\" class=\"elementor elementor-58\" data-elementor-settings=\"[]\">\n\t\t\t\t\t\t\t<div class=\"elementor-section-wrap\">\n\t\t\t\t\t\t\t<section class=\"elementor-section elementor-top-section elementor-element elementor-element-05d48d0 elementor-section-boxed elementor-section-height-default elementor-section-height-default\" data-id=\"05d48d0\" data-element_type=\"section\">\n\t\t\t\t\t\t<div class=\"elementor-container elementor-column-gap-default\">\n\t\t\t\t\t<div class=\"elementor-column elementor-col-100 elementor-top-column elementor-element elementor-element-33f1182\" data-id=\"33f1182\" data-element_type=\"column\">\n\t\t\t<div class=\"elementor-widget-wrap elementor-element-populated\">\n\t\t\t\t\t\t\t\t<div class=\"elementor-element elementor-element-18c4145 elementor-widget elementor-widget-heading\" data-id=\"18c4145\" data-element_type=\"widget\" data-widget_type=\"heading.default\">\n\t\t\t\t<div class=\"elementor-widget-container\">\n\t\t\t<h2 class=\"elementor-heading-title elementor-size-default\">Productos<\/h2>\t\t<\/div>\n\t\t\t\t<\/div>\n\t\t\t\t\t<\/div>\n\t\t<\/div>\n\t\t\t\t\t\t\t<\/div>\n\t\t<\/section>\n\t\t\t\t<section class=\"elementor-section elementor-top-section elementor-element elementor-element-6eb91689 elementor-section-content-middle elementor-section-boxed elementor-section-height-default elementor-section-height-default\" data-id=\"6eb91689\" data-element_type=\"section\">\n\t\t\t\t\t\t<div class=\"elementor-container elementor-column-gap-no\">\n\t\t\t\t\t<div class=\"elementor-column elementor-col-100 elementor-top-column elementor-element elementor-element-7deeea81\" data-id=\"7deeea81\" data-element_type=\"column\">\n\t\t\t<div class=\"elementor-widget-wrap elementor-element-populated\">\n\t\t\t\t\t\t\t\t<div class=\"elementor-element elementor-element-ac34d80 elementor-widget elementor-widget-text-editor\" data-id=\"ac34d80\" data-element_type=\"widget\" data-widget_type=\"text-editor.default\">\n\t\t\t\t<div class=\"elementor-widget-container\">\n\t\t\t\t\t\t\t\t<p>Te ofrecemos:<\/p>\t\t\t\t\t\t<\/div>\n\t\t\t\t<\/div>\n\t\t\t\t<div class=\"elementor-element elementor-element-7db73327 elementor-widget elementor-widget-heading\" data-id=\"7db73327\" data-element_type=\"widget\" data-widget_type=\"heading.default\">\n\t\t\t\t<div class=\"elementor-widget-container\">\n\t\t\t<h4 class=\"elementor-heading-title elementor-size-default\">Cr\u00e9dito Hipotecario<\/h4>\t\t<\/div>\n\t\t\t\t<\/div>\n\t\t\t\t<div class=\"elementor-element elementor-element-39b2a57c elementor-widget elementor-widget-heading\" data-id=\"39b2a57c\" data-element_type=\"widget\" data-widget_type=\"heading.default\">\n\t\t\t\t<div class=\"elementor-widget-container\">\n\t\t\t<h5 class=\"elementor-heading-title elementor-size-default\">Take a peek inside our Wonderworld<\/h5>\t\t<\/div>\n\t\t\t\t<\/div>\n\t\t\t\t<div class=\"elementor-element elementor-element-df2443 gallery-spacing-custom elementor-widget elementor-widget-image-gallery\" data-id=\"df2443\" data-element_type=\"widget\" data-widget_type=\"image-gallery.default\">\n\t\t\t\t<div class=\"elementor-widget-container\">\n\t\t\t\t\t<div class=\"elementor-image-gallery\">\n\t\t\t<div id='gallery-1' class='gallery galleryid-58 gallery-columns-3 gallery-size-full'><figure class='gallery-item'>\n\t\t\t<div class='gallery-icon landscape'>\n\t\t\t\t<a data-elementor-open-lightbox=\"yes\" data-elementor-lightbox-slideshow=\"df2443\" data-elementor-lightbox-title=\"logo santander\" href='http:\/\/masbroker.com\/wp-content\/uploads\/2021\/06\/logo-santander.png'><img loading=\"lazy\" decoding=\"async\" width=\"273\" height=\"91\" src=\"http:\/\/masbroker.com\/wp-content\/uploads\/2021\/06\/logo-santander.png\" class=\"attachment-full size-full\" alt=\"\" \/><\/a>\n\t\t\t<\/div><\/figure><figure class='gallery-item'>\n\t\t\t<div class='gallery-icon landscape'>\n\t\t\t\t<a data-elementor-open-lightbox=\"yes\" data-elementor-lightbox-slideshow=\"df2443\" data-elementor-lightbox-title=\"logo hsbc\" href='http:\/\/masbroker.com\/wp-content\/uploads\/2021\/06\/logo-hsbc.png'><img loading=\"lazy\" decoding=\"async\" width=\"180\" height=\"74\" src=\"http:\/\/masbroker.com\/wp-content\/uploads\/2021\/06\/logo-hsbc.png\" class=\"attachment-full size-full\" alt=\"\" \/><\/a>\n\t\t\t<\/div><\/figure><figure class='gallery-item'>\n\t\t\t<div class='gallery-icon landscape'>\n\t\t\t\t<a data-elementor-open-lightbox=\"yes\" data-elementor-lightbox-slideshow=\"df2443\" data-elementor-lightbox-title=\"logo afirme\" href='http:\/\/masbroker.com\/wp-content\/uploads\/2021\/06\/logo-afirme.png'><img loading=\"lazy\" decoding=\"async\" width=\"230\" height=\"51\" src=\"http:\/\/masbroker.com\/wp-content\/uploads\/2021\/06\/logo-afirme.png\" class=\"attachment-full size-full\" alt=\"\" \/><\/a>\n\t\t\t<\/div><\/figure><figure class='gallery-item'>\n\t\t\t<div class='gallery-icon landscape'>\n\t\t\t\t<a data-elementor-open-lightbox=\"yes\" data-elementor-lightbox-slideshow=\"df2443\" data-elementor-lightbox-title=\"logo citibanamex\" href='http:\/\/masbroker.com\/wp-content\/uploads\/2021\/06\/logo-citibanamex.png'><img loading=\"lazy\" decoding=\"async\" width=\"183\" height=\"43\" src=\"http:\/\/masbroker.com\/wp-content\/uploads\/2021\/06\/logo-citibanamex.png\" class=\"attachment-full size-full\" alt=\"\" \/><\/a>\n\t\t\t<\/div><\/figure><figure class='gallery-item'>\n\t\t\t<div class='gallery-icon landscape'>\n\t\t\t\t<a data-elementor-open-lightbox=\"yes\" data-elementor-lightbox-slideshow=\"df2443\" data-elementor-lightbox-title=\"logo banorte\" href='http:\/\/masbroker.com\/wp-content\/uploads\/2021\/06\/logo-banorte.png'><img loading=\"lazy\" decoding=\"async\" width=\"239\" height=\"51\" src=\"http:\/\/masbroker.com\/wp-content\/uploads\/2021\/06\/logo-banorte.png\" class=\"attachment-full size-full\" alt=\"\" \/><\/a>\n\t\t\t<\/div><\/figure><figure class='gallery-item'>\n\t\t\t<div class='gallery-icon landscape'>\n\t\t\t\t<a data-elementor-open-lightbox=\"yes\" data-elementor-lightbox-slideshow=\"df2443\" data-elementor-lightbox-title=\"logo scotiabank\" href='http:\/\/masbroker.com\/wp-content\/uploads\/2021\/06\/logo-scotiabank.png'><img loading=\"lazy\" decoding=\"async\" width=\"128\" height=\"91\" src=\"http:\/\/masbroker.com\/wp-content\/uploads\/2021\/06\/logo-scotiabank.png\" class=\"attachment-full size-full\" alt=\"\" \/><\/a>\n\t\t\t<\/div><\/figure><figure class='gallery-item'>\n\t\t\t<div class='gallery-icon landscape'>\n\t\t\t\t<a data-elementor-open-lightbox=\"yes\" data-elementor-lightbox-slideshow=\"df2443\" data-elementor-lightbox-title=\"logo infonavit\" href='http:\/\/masbroker.com\/wp-content\/uploads\/2021\/06\/logo-infonavit.png'><img loading=\"lazy\" decoding=\"async\" width=\"165\" height=\"116\" src=\"http:\/\/masbroker.com\/wp-content\/uploads\/2021\/06\/logo-infonavit.png\" class=\"attachment-full size-full\" alt=\"\" \/><\/a>\n\t\t\t<\/div><\/figure><figure class='gallery-item'>\n\t\t\t<div class='gallery-icon landscape'>\n\t\t\t\t<a data-elementor-open-lightbox=\"yes\" data-elementor-lightbox-slideshow=\"df2443\" data-elementor-lightbox-title=\"logo banregio\" href='http:\/\/masbroker.com\/wp-content\/uploads\/2021\/06\/logo-banregio.png'><img loading=\"lazy\" decoding=\"async\" width=\"128\" height=\"41\" src=\"http:\/\/masbroker.com\/wp-content\/uploads\/2021\/06\/logo-banregio.png\" class=\"attachment-full size-full\" alt=\"\" \/><\/a>\n\t\t\t<\/div><\/figure><figure class='gallery-item'>\n\t\t\t<div class='gallery-icon landscape'>\n\t\t\t\t<a data-elementor-open-lightbox=\"yes\" data-elementor-lightbox-slideshow=\"df2443\" data-elementor-lightbox-title=\"logo ION\" href='http:\/\/masbroker.com\/wp-content\/uploads\/2021\/06\/logo-ION.png'><img loading=\"lazy\" decoding=\"async\" width=\"511\" height=\"98\" src=\"http:\/\/masbroker.com\/wp-content\/uploads\/2021\/06\/logo-ION.png\" class=\"attachment-full size-full\" alt=\"\" srcset=\"http:\/\/masbroker.com\/wp-content\/uploads\/2021\/06\/logo-ION.png 511w, http:\/\/masbroker.com\/wp-content\/uploads\/2021\/06\/logo-ION-300x58.png 300w\" sizes=\"auto, (max-width: 511px) 100vw, 511px\" \/><\/a>\n\t\t\t<\/div><\/figure><figure class='gallery-item'>\n\t\t\t<div class='gallery-icon landscape'>\n\t\t\t\t<a data-elementor-open-lightbox=\"yes\" data-elementor-lightbox-slideshow=\"df2443\" data-elementor-lightbox-title=\"logo mi banco\" href='http:\/\/masbroker.com\/wp-content\/uploads\/2021\/06\/logo-mi-banco.png'><img loading=\"lazy\" decoding=\"async\" width=\"193\" height=\"56\" src=\"http:\/\/masbroker.com\/wp-content\/uploads\/2021\/06\/logo-mi-banco.png\" class=\"attachment-full size-full\" alt=\"\" \/><\/a>\n\t\t\t<\/div><\/figure>\n\t\t<\/div>\n\t\t<\/div>\n\t\t\t\t<\/div>\n\t\t\t\t<\/div>\n\t\t\t\t\t<\/div>\n\t\t<\/div>\n\t\t\t\t\t\t\t<\/div>\n\t\t<\/section>\n\t\t\t\t<section class=\"elementor-section elementor-top-section elementor-element elementor-element-3a2bf29 elementor-section-boxed elementor-section-height-default elementor-section-height-default\" data-id=\"3a2bf29\" data-element_type=\"section\">\n\t\t\t\t\t\t<div class=\"elementor-container elementor-column-gap-default\">\n\t\t\t\t\t<div class=\"elementor-column elementor-col-100 elementor-top-column elementor-element elementor-element-5e35ce3\" data-id=\"5e35ce3\" data-element_type=\"column\">\n\t\t\t<div class=\"elementor-widget-wrap elementor-element-populated\">\n\t\t\t\t\t\t\t\t<div class=\"elementor-element elementor-element-2310ae8 elementor-widget elementor-widget-text-editor\" data-id=\"2310ae8\" data-element_type=\"widget\" data-widget_type=\"text-editor.default\">\n\t\t\t\t<div class=\"elementor-widget-container\">\n\t\t\t\t\t\t\t\t<p>Cr\u00e9ditos con tasas fijas, personalizados que se ajustan al perfil del cliente y sus necesidades, pueden aplicar programas de Infonavit<\/p><p>Los\u00a0 destinos que ofrecemos son:<\/p><ul><li>Adquisici\u00f3n de Vivienda<\/li><li>Preventa<\/li><li>Sustituci\u00f3n de Hipoteca o Mejora<\/li><li>Construcci\u00f3n<\/li><li>Compra de Terreno<\/li><li>Remodelaci\u00f3n, Terminaci\u00f3n de Obra<\/li><li>Pagos de Pasivos<\/li><li>Liquidez<\/li><\/ul><p>Te daremos a conocer\u00a0 las promociones que cada banco tiene y que con gusto podemos aplicar con los mejores beneficios para ti.<\/p>\t\t\t\t\t\t<\/div>\n\t\t\t\t<\/div>\n\t\t\t\t\t<\/div>\n\t\t<\/div>\n\t\t\t\t\t\t\t<\/div>\n\t\t<\/section>\n\t\t\t\t<section class=\"elementor-section elementor-top-section elementor-element elementor-element-e459eb4 elementor-section-boxed elementor-section-height-default elementor-section-height-default\" data-id=\"e459eb4\" data-element_type=\"section\">\n\t\t\t\t\t\t<div class=\"elementor-container elementor-column-gap-default\">\n\t\t\t\t\t<div class=\"elementor-column elementor-col-100 elementor-top-column elementor-element elementor-element-7b4aa3b\" data-id=\"7b4aa3b\" data-element_type=\"column\">\n\t\t\t<div class=\"elementor-widget-wrap elementor-element-populated\">\n\t\t\t\t\t\t\t\t<div class=\"elementor-element elementor-element-7389ffd elementor-widget elementor-widget-heading\" data-id=\"7389ffd\" data-element_type=\"widget\" data-widget_type=\"heading.default\">\n\t\t\t\t<div class=\"elementor-widget-container\">\n\t\t\t<h2 class=\"elementor-heading-title elementor-size-default\"><h4 data-elementor-setting-key=\"title\" data-pen-placeholder=\"Teclea aqu\u00ed...\" style=\"font-size: 65px; font-style: normal; font-weight: 600; color: rgb(0, 0, 0); font-family: var( --e-global-typography-primary-font-family ), Sans-serif; text-align: center;\">Cr\u00e9dito PyME<\/h4><\/h2>\t\t<\/div>\n\t\t\t\t<\/div>\n\t\t\t\t\t<\/div>\n\t\t<\/div>\n\t\t\t\t\t\t\t<\/div>\n\t\t<\/section>\n\t\t\t\t<section class=\"elementor-section elementor-top-section elementor-element elementor-element-6d4d910 elementor-section-boxed elementor-section-height-default elementor-section-height-default\" data-id=\"6d4d910\" data-element_type=\"section\">\n\t\t\t\t\t\t<div class=\"elementor-container elementor-column-gap-default\">\n\t\t\t\t\t<div class=\"elementor-column elementor-col-100 elementor-top-column elementor-element elementor-element-1cae48f\" data-id=\"1cae48f\" data-element_type=\"column\">\n\t\t\t<div class=\"elementor-widget-wrap elementor-element-populated\">\n\t\t\t\t\t\t\t\t<div class=\"elementor-element elementor-element-cd03f57 elementor-widget elementor-widget-text-editor\" data-id=\"cd03f57\" data-element_type=\"widget\" data-widget_type=\"text-editor.default\">\n\t\t\t\t<div class=\"elementor-widget-container\">\n\t\t\t\t\t\t\t\t<p>Para peque\u00f1as y Medianas Empresas, contamos con cr\u00e9ditos de liquidez, Adquisici\u00f3n de Activos, Capital de trabajo, Cr\u00e9dito puente, factoraje, arrendamiento, revolvente. te ofrecemos las siguientes alternativas:<\/p><ul><li>Afirme<\/li><li>Credijusto<\/li><li>Bien para Bien<\/li><li>Cualli<\/li><li>iBan<\/li><li>Cr\u00e9dito Real<\/li><li>Para.Mx<\/li><li>Creze<\/li><li>Konfio<\/li><li>Credix<\/li><\/ul>\t\t\t\t\t\t<\/div>\n\t\t\t\t<\/div>\n\t\t\t\t\t<\/div>\n\t\t<\/div>\n\t\t\t\t\t\t\t<\/div>\n\t\t<\/section>\n\t\t\t\t<section class=\"elementor-section elementor-top-section elementor-element elementor-element-c1659b9 elementor-section-boxed elementor-section-height-default elementor-section-height-default\" data-id=\"c1659b9\" data-element_type=\"section\">\n\t\t\t\t\t\t<div class=\"elementor-container elementor-column-gap-default\">\n\t\t\t\t\t<div class=\"elementor-column elementor-col-100 elementor-top-column elementor-element elementor-element-25fb18b\" data-id=\"25fb18b\" data-element_type=\"column\">\n\t\t\t<div class=\"elementor-widget-wrap elementor-element-populated\">\n\t\t\t\t\t\t\t\t<div class=\"elementor-element elementor-element-22f59d8 elementor-widget elementor-widget-text-editor\" data-id=\"22f59d8\" data-element_type=\"widget\" data-widget_type=\"text-editor.default\">\n\t\t\t\t<div class=\"elementor-widget-container\">\n\t\t\t\t\t\t\t\t<p>Una vez que elegimos la alternativa m\u00e1s adecuada, gestionaremos los tr\u00e1mites y procedimientos que sean necesarios para obtener el financiamiento, hasta la firma de escrituras.<\/p>\t\t\t\t\t\t<\/div>\n\t\t\t\t<\/div>\n\t\t\t\t\t<\/div>\n\t\t<\/div>\n\t\t\t\t\t\t\t<\/div>\n\t\t<\/section>\n\t\t\t\t\t\t<\/div>\n\t\t\t\t\t<\/div>\n\t\t","protected":false},"excerpt":{"rendered":"<p>Productos Te ofrecemos: Cr\u00e9dito Hipotecario Take a peek inside our Wonderworld Cr\u00e9ditos con tasas fijas, personalizados que se ajustan al perfil del cliente y sus necesidades, pueden aplicar programas de Infonavit Los\u00a0 destinos que ofrecemos son: Adquisici\u00f3n de Vivienda Preventa Sustituci\u00f3n de Hipoteca o Mejora Construcci\u00f3n Compra de Terreno Remodelaci\u00f3n, Terminaci\u00f3n de Obra Pagos de &hellip;<\/p>\n<p class=\"read-more\"> <a class=\"\" href=\"http:\/\/masbroker.com\/?page_id=58\"> <span class=\"screen-reader-text\">Productos<\/span> Read More &raquo;<\/a><\/p>\n","protected":false},"author":1,"featured_media":0,"parent":0,"menu_order":0,"comment_status":"closed","ping_status":"closed","template":"","meta":{"footnotes":""},"class_list":["post-58","page","type-page","status-publish","hentry"],"_links":{"self":[{"href":"http:\/\/masbroker.com\/index.php?rest_route=\/wp\/v2\/pages\/58","targetHints":{"allow":["GET"]}}],"collection":[{"href":"http:\/\/masbroker.com\/index.php?rest_route=\/wp\/v2\/pages"}],"about":[{"href":"http:\/\/masbroker.com\/index.php?rest_route=\/wp\/v2\/types\/page"}],"author":[{"embeddable":true,"href":"http:\/\/masbroker.com\/index.php?rest_route=\/wp\/v2\/users\/1"}],"replies":[{"embeddable":true,"href":"http:\/\/masbroker.com\/index.php?rest_route=%2Fwp%2Fv2%2Fcomments&post=58"}],"version-history":[{"count":19,"href":"http:\/\/masbroker.com\/index.php?rest_route=\/wp\/v2\/pages\/58\/revisions"}],"predecessor-version":[{"id":294,"href":"http:\/\/masbroker.com\/index.php?rest_route=\/wp\/v2\/pages\/58\/revisions\/294"}],"wp:attachment":[{"href":"http:\/\/masbroker.com\/index.php?rest_route=%2Fwp%2Fv2%2Fmedia&parent=58"}],"curies":[{"name":"wp","href":"https:\/\/api.w.org\/{rel}","templated":true}]}}