{"id":265,"date":"2021-06-04T17:45:58","date_gmt":"2021-06-04T17:45:58","guid":{"rendered":"http:\/\/masbroker.com\/?page_id=265"},"modified":"2021-06-04T17:48:08","modified_gmt":"2021-06-04T17:48:08","slug":"aviso-de-privacidad","status":"publish","type":"page","link":"http:\/\/masbroker.com\/?page_id=265","title":{"rendered":"Aviso de Privacidad"},"content":{"rendered":"\t\t<div data-elementor-type=\"wp-page\" data-elementor-id=\"265\" class=\"elementor elementor-265\" data-elementor-settings=\"[]\">\n\t\t\t\t\t\t\t<div class=\"elementor-section-wrap\">\n\t\t\t\t\t\t\t<section class=\"elementor-section elementor-top-section elementor-element elementor-element-d0f7f57 elementor-section-boxed elementor-section-height-default elementor-section-height-default\" data-id=\"d0f7f57\" data-element_type=\"section\">\n\t\t\t\t\t\t<div class=\"elementor-container elementor-column-gap-default\">\n\t\t\t\t\t<div class=\"elementor-column elementor-col-100 elementor-top-column elementor-element elementor-element-ae90a06\" data-id=\"ae90a06\" data-element_type=\"column\">\n\t\t\t<div class=\"elementor-widget-wrap elementor-element-populated\">\n\t\t\t\t\t\t\t\t<div class=\"elementor-element elementor-element-240f70b elementor-widget elementor-widget-heading\" data-id=\"240f70b\" data-element_type=\"widget\" data-widget_type=\"heading.default\">\n\t\t\t\t<div class=\"elementor-widget-container\">\n\t\t\t<h2 class=\"elementor-heading-title elementor-size-default\">Aviso de Privacidad<\/h2>\t\t<\/div>\n\t\t\t\t<\/div>\n\t\t\t\t\t<\/div>\n\t\t<\/div>\n\t\t\t\t\t\t\t<\/div>\n\t\t<\/section>\n\t\t\t\t<section class=\"elementor-section elementor-top-section elementor-element elementor-element-d75d10b elementor-section-boxed elementor-section-height-default elementor-section-height-default\" data-id=\"d75d10b\" data-element_type=\"section\">\n\t\t\t\t\t\t<div class=\"elementor-container elementor-column-gap-default\">\n\t\t\t\t\t<div class=\"elementor-column elementor-col-100 elementor-top-column elementor-element elementor-element-882780f\" data-id=\"882780f\" data-element_type=\"column\">\n\t\t\t<div class=\"elementor-widget-wrap elementor-element-populated\">\n\t\t\t\t\t\t\t\t<div class=\"elementor-element elementor-element-de91270 elementor-widget elementor-widget-text-editor\" data-id=\"de91270\" data-element_type=\"widget\" data-widget_type=\"text-editor.default\">\n\t\t\t\t<div class=\"elementor-widget-container\">\n\t\t\t\t\t\t\t\t<p>Masbroker.com se compromete a asegurar la confidencialidad\/privacidad de la informaci\u00f3n personal obtenida a trav\u00e9s de sus servicios en l\u00ednea. Le sugerimos leer la normativa descrita a continuaci\u00f3n, para entender el tratamiento de su informaci\u00f3n personal cuando utiliza nuestros servicios en los sitios de Masbroker.com. Estas normas de confidencialidad pueden tener cambios en el futuro, por lo que se recomienda revisarlas peri\u00f3dicamente.<\/p><p>1.- Tipo de informaci\u00f3n personal que se obtiene<\/p><p>En Masbroker.com recogemos informaci\u00f3n de diferentes maneras desde varias \u00e1reas de nuestro sitio web. Se encuentra sujeta a las normas de confidencialidad y privacidad toda aquella informaci\u00f3n personal que el usuario ingresa voluntariamente a nuestro sitio, la creaci\u00f3n del perfil personal, la inscripci\u00f3n al servicio de notificaci\u00f3n de ofertas especiales a trav\u00e9s de correo electr\u00f3nico, el registro a nuestros programas de lealtad, el env\u00edo de postales electr\u00f3nicas, as\u00ed como la informaci\u00f3n que ingresa durante su participaci\u00f3n en los concursos, rifas y encuestas en l\u00ednea que llevamos a cabo ocasionalmente. Para cada uno de estos programas, la informaci\u00f3n que se solicita es distinta y se almacena en bases de datos separadas.<\/p><p>Contacto en l\u00ednea: la informaci\u00f3n solicitada en esta secci\u00f3n permite a Masbroker.com contactar a los clientes cuando sea necesario. Entre la informaci\u00f3n solicitada al usuario se encuentra: nombre, apellido, nombre de la compa\u00f1\u00eda donde trabaja, direcci\u00f3n, direcci\u00f3n de correo electr\u00f3nico, n\u00famero telef\u00f3nico, entre otros.<\/p><p>Los usuarios pueden ser contactados por tel\u00e9fono, correo o correo electr\u00f3nico si se requiriere informaci\u00f3n adicional para completar alguna transacci\u00f3n.<\/p><p>Programa de notificaci\u00f3n de ofertas a trav\u00e9s de correo electr\u00f3nico. La informaci\u00f3n que los visitantes nos proporcionan incluye: nombre, apellido, direcci\u00f3n de correo electr\u00f3nico, direcci\u00f3n, pa\u00eds, n\u00famero de tel\u00e9fono, preferencias y h\u00e1bitos, entre otros. El usuario puede modificar esta informaci\u00f3n en cualquier momento y ser\u00e1 empleada para adecuar las promociones y avisos enviados a las preferencias indicadas por \u00e9l mismo.<\/p><p>Env\u00edo de postales electr\u00f3nicas. La informaci\u00f3n que los visitantes nos proporcionan incluye: nombre del remitente, direcci\u00f3n de correo electr\u00f3nico del remitente, nombre del destinatario, direcci\u00f3n de correo electr\u00f3nico del destinatario, rango de edad, pa\u00eds, sexo y c\u00f3digo postal. Esta informaci\u00f3n ser\u00e1 empleada para adecuar las promociones y avisos enviados al cliente.<\/p><p>Concursos, rifas y encuestas en l\u00ednea: El tipo de informaci\u00f3n solicitada por estos medios puede ser muy variable, podr\u00e1 incluir datos personales, h\u00e1bitos y preferencias, opiniones acerca de los servicios de nuestros sitios y comentarios acerca de servicios propuestos. La informaci\u00f3n recabada ser\u00e1 para uso exclusivo de Masbroker.com y tendr\u00e1 como finalidad la retroalimentaci\u00f3n de los usuarios acerca de los servicios que prestamos con el fin de mejorarlos.<\/p><p>Despu\u00e9s de que la informaci\u00f3n llega a Masbroker.com, \u00e9sta es almacenada en un servidor seguro que reside atr\u00e1s de un firewall dise\u00f1ado para obstaculizar el acceso desde afuera de la compa\u00f1\u00eda. Desafortunadamente, ninguna transmisi\u00f3n por Internet puede garantizar su seguridad al 100%. Por lo tanto, aunque Masbroker.com se esfuerce en proteger su informaci\u00f3n personal, no puede asegurar ni garantizar la seguridad en la transmisi\u00f3n de ninguna informaci\u00f3n relacionada con ninguno de nuestros servicios en l\u00ednea, por lo que usted corre su propio riesgo. Una vez recibidos los datos, haremos todo lo posible para salvaguardar su seguridad en nuestros sistemas. En este tema, el equipo de colaboradores de Masbroker.com ha enfocado sus esfuerzos para ofrecer la tecnolog\u00eda m\u00e1s moderna y actualizada a fin de ofrecerle la mayor seguridad posible.<\/p><p>2.- C\u00f3mo se utiliza su informaci\u00f3n personal<\/p><p>Masbroker.com utiliza la informaci\u00f3n suministrada durante el proceso de registro de perfil, inscripci\u00f3n a alg\u00fan programa y promociones para realizar estudios internos sobre los datos demogr\u00e1ficos, intereses y comportamiento de nuestros usuarios -este estudio se compila y analiza en conjunto. El objetivo m\u00e1s importante de Masbroker.com al recoger datos personales es entender y proporcionar al usuario una experiencia m\u00e1s satisfactoria al visitar nuestros sitios y adquirir nuestros servicios, ya que al conocer m\u00e1s a nuestros visitantes podemos proporcionarles productos acordes a sus necesidades, as\u00ed como contenido y publicidad m\u00e1s adecuados.<\/p><p>Al recabar los datos del usuario en l\u00ednea, podemos elaborar estad\u00edsticas internas que nos indiquen cu\u00e1les son los servicios y productos m\u00e1s apreciados por diferentes segmentos de usuarios, igualmente nos sirve para dar la formalidad debida al proceso transaccional.<\/p><p>En nuestro programa de notificaci\u00f3n de ofertas a trav\u00e9s de correo electr\u00f3nico, s\u00f3lo Masbroker.com tiene acceso a la informaci\u00f3n recabada. Este tipo de publicidad se realiza mediante avisos y mensajes promocionales de correo electr\u00f3nico, los cuales s\u00f3lo ser\u00e1n enviados a usted, si al momento de registrarse usted indic\u00f3 que desear\u00eda recibirlos, esta indicaci\u00f3n podr\u00e1 usted modificarla en cualquier momento. En los correos electr\u00f3nicos enviados, pueden incluirse ocasionalmente ofertas de terceras partes que sean nuestros socios comerciales.<\/p><p>Adem\u00e1s de solicitar informaci\u00f3n durante los procesos de registro antes mencionados, le podremos solicitar informaci\u00f3n personal en otras ocasiones como, por ejemplo, al participar en un concurso o en cualquier promoci\u00f3n de nuestro sitio y al notificarnos sobre un problema con nuestro sitio o servicios. Masbroker.com tambi\u00e9n suele hacer encuestas entre sus usuarios en l\u00ednea, cuyas respuestas son utilizadas en estudios internos.<\/p><p>3.- Qu\u00e9 son los cookies y c\u00f3mo se utilizan<\/p><p>Los cookies son peque\u00f1as piezas de informaci\u00f3n que son enviadas por el sitio Web a su navegador. Los cookies se almacenan en el disco duro de su equipo y se utilizan para determinar sus preferencias cuando se conecta a los servicios de nuestros sitios, as\u00ed como para rastrear determinados comportamientos o actividades llevadas a cabo por usted dentro de nuestros sitios.<\/p><p>En algunas secciones de nuestro sitio requerimos que el cliente tenga habilitados los cookies ya que algunas de las funcionalidades requieren de \u00e9stas para trabajar. Los cookies nos permiten:<\/p><ol><li>a) reconocerlo al momento de entrar a nuestros sitios y ofrecerle de una experiencia personalizada,<br \/>b) conocer la configuraci\u00f3n personal del sitio especificada por usted, por ejemplo, los cookies nos permiten detectar el ancho de banda que usted ha seleccionado al momento de ingresar al home page de nuestros sitios, de tal forma que sabemos qu\u00e9 tipo de informaci\u00f3n es aconsejable descargar,<br \/>c) calcular el tama\u00f1o de nuestra audiencia y medir algunos par\u00e1metros de tr\u00e1fico, pues cada navegador que obtiene acceso a nuestros sitios adquiere un cookie que se usa para determinar la frecuencia de uso y las secciones de los sitios visitadas, reflejando as\u00ed sus h\u00e1bitos y preferencias, informaci\u00f3n que nos es \u00fatil para mejorar el contenido, los titulares y las promociones para los usuarios.<br \/>Los cookies tambi\u00e9n nos ayudan a rastrear algunas actividades, por ejemplo, en algunas de las encuestas que lanzamos en l\u00ednea, podemos utilizar cookies para detectar si el usuario ya ha llenado la encuesta y evitar desplegarla nuevamente, en caso de que lo haya hecho. El bot\u00f3n de \u201cayuda\u201d que se encuentra en la barra de herramientas de la mayor\u00eda de los navegadores, le dir\u00e1 c\u00f3mo evitar aceptar nuevos cookies, c\u00f3mo hacer que el navegador le notifique cuando recibe un nuevo cookie o c\u00f3mo deshabilitar todos los cookies. Sin embargo, las cookies le permitir\u00e1n tomar ventaja de las caracter\u00edsticas m\u00e1s ben\u00e9ficas que le ofrecemos, por lo que le recomendamos que las deje activadas.<\/li><\/ol><p>4.- Confidencialidad de la informaci\u00f3n<\/p><p>Cuando se encuentre en el sitio de Masbroker.com y le pidan datos personales, usted compartir\u00e1 la informaci\u00f3n s\u00f3lo con Masbroker.com, salvo que se especifique lo contrario. Masbroker.com no compartir\u00e1 la informaci\u00f3n confidencial con terceras partes, excepto que tenga expresa autorizaci\u00f3n de quienes se suscribieron, o cuando haya sido requerido por orden judicial para cumplir con las disposiciones procesales.<\/p><p>Masbroker.com no vende ni alquila la informaci\u00f3n de los usuarios. Si los datos personales del usuario debieran ser compartidos con socios comerciales o patrocinadores, el usuario ser\u00e1 notificado antes que \u00e9stos sean recogidos o transferidos. Si el usuario no desea que sus datos sean compartidos, puede decidir no utilizar un servicio determinado o no participar en algunas promociones o concursos.<\/p><p>Masbroker.com puede difundir las estad\u00edsticas en conjunto de los usuarios (por ejemplo, el porcentaje de nuestros usuarios que son hombres o mayores a determinada edad, etc.) para describir nuestros servicios y para otros prop\u00f3sitos l\u00edcitos en los casos que marque la ley.<\/p><p>Masbroker.com puede difundir la informaci\u00f3n de la cuenta en casos especiales cuando pensemos que proporcionar esta informaci\u00f3n puede servir para identificar, localizar o realizar acciones legales contra personas que pudiesen infringir las condiciones del servicio del sitios de Masbroker.com, o causar da\u00f1os o interferencia sobre los derechos de Masbroker.com o sus propiedades, de otros usuarios del sitios de Masbroker.com o de cualquier otra persona que pudiese resultar perjudicada por dichas actividades. Masbroker.com puede difundir u obtener acceso a la informaci\u00f3n de cuenta cuando, actuando de buena fe, creamos que es necesario por razones legales, administrativas o de otra \u00edndole y lo consideremos necesario para mantener, proporcionar y desarrollar nuestros productos y servicios.<\/p><p>Masbroker.com no asume ninguna obligaci\u00f3n de mantener confidencial cualquier otra informaci\u00f3n que el usuario proporcione, incluyendo aquella informaci\u00f3n que el usuario proporcione a trav\u00e9s de boletines y pl\u00e1ticas en l\u00ednea (chats), as\u00ed como la informaci\u00f3n que obtenga a trav\u00e9s de los cookies que se describen en el inciso 3, lo anterior en t\u00e9rminos de lo establecido en el art\u00edculo 109 de la Ley Federal de los Derechos de Autor y de la fracci\u00f3n I, del art\u00edculo 76 bis de la Ley Federal de Protecci\u00f3n al Consumidor.<\/p><p>5.- Modificaci\u00f3n \/ actualizaci\u00f3n de la informaci\u00f3n<\/p><p>Los datos personales proporcionados por el usuario formar\u00e1n parte de un archivo que contendr\u00e1 su perfil. El usuario puede modificar su perfil en cualquier momento utilizando su n\u00famero de usuario\/socio y su n\u00famero de identificaci\u00f3n personal asignados o que \u00e9l mismo eligi\u00f3. Masbroker.com aconseja al usuario que actualice sus datos cada vez que \u00e9stos sufran alguna modificaci\u00f3n, ya que esto permitir\u00e1 brindarle un servicio m\u00e1s personalizado. Si usted participa en el servicio de promociones v\u00eda correo electr\u00f3nico podr\u00e1 en cualquier momento desactivar el servicio.<\/p><p>6.- Protecci\u00f3n de la informaci\u00f3n personal<\/p><p>La informaci\u00f3n proporcionada por el usuario, est\u00e1 asegurada por un n\u00famero de identificaci\u00f3n personal al cual s\u00f3lo el usuario podr\u00e1 acceder y de la cual s\u00f3lo \u00e9l tiene conocimiento.<\/p><p>Le recomendamos que no revele su contrase\u00f1a a nadie. Masbroker.com no solicitar\u00e1 su contrase\u00f1a en ninguna llamada telef\u00f3nica o mensaje de correo no solicitados. En todo momento, el usuario es el responsable \u00fanico y final de mantener en secreto su n\u00famero de usuario \/ socio, contrase\u00f1a personal, clave de acceso y n\u00famero confidencial con los cuales tenga acceso a los servicios y contenidos de nuestro sitio. Para disminuir los riesgos Masbroker.com recomienda al usuario salir de su cuenta y cerrar la ventana de su navegador cuando finalice su actividad, m\u00e1s a\u00fan si comparte su computadora con alguien o utiliza una computadora en un lugar p\u00fablico como una biblioteca o un caf\u00e9 Internet.<\/p><p>Una vez recibidos los datos, haremos todo lo posible para salvaguardar su seguridad en nuestros sistemas. En este tema, el equipo de colaboradores de Masbroker.com ha enfocado sus esfuerzos para ofrecer la tecnolog\u00eda m\u00e1s moderna y actualizada a fin de ofrecerle la mayor seguridad posible.<\/p><p>7.- Confidencialidad de los menores<\/p><p>La salvaguarda de la informaci\u00f3n personal infantil es extremadamente importante. Masbroker.com recauda el m\u00ednimo indispensable de esa informaci\u00f3n necesaria para brindar sus servicios. Masbroker.com no solicita informaci\u00f3n de identificaci\u00f3n personal a los menores. Los menores siempre deben solicitar permiso a sus padres antes de enviar informaci\u00f3n personal a otro usuario que se encuentre en l\u00ednea.<\/p><p>8.- Aceptaci\u00f3n de los t\u00e9rminos<\/p><p>Esta declaraci\u00f3n de Confidencialidad \/ Privacidad est\u00e1 sujeta a los t\u00e9rminos y condiciones de Masbroker.com, lo cual constituye un acuerdo legal entre el usuario y Masbroker.com.<\/p><p>Si el usuario utiliza los servicios de Masbroker.com en cualquiera de sus sitios, significa que ha le\u00eddo, entendido y acordado los t\u00e9rminos antes expuestos. Si no est\u00e1 de acuerdo con ellos, el usuario no deber\u00e1 proporcionar ninguna informaci\u00f3n personal, ni utilizar los servicios de los sitios de Masbroker.com.<\/p><p>9.- Principios m\u00ednimos de nuestra pol\u00edtica de privacidad \/ confidencialidad<\/p><p>A continuaci\u00f3n, Masbroker.com le expondr\u00e1 brevemente los principios que rigen sus pol\u00edticas de privacidad y confidencialidad para la informaci\u00f3n proporcionada por los usuarios de sus servicios electr\u00f3nicos en l\u00ednea:<\/p><ol><li>a) Masbroker.com \u00fanicamente recabara la informaci\u00f3n del cliente que es necesaria para brindarle los servicios personalizados que se encuentran disponibles en sus sitios en Internet, la cual se utilizar\u00e1 \u00fanicamente para los fines que es solicitada.<br \/>b) Masbroker.com se esfuerza por asegurar la calidad de la informaci\u00f3n que se recaba sobre nuestros usuarios de servicios en l\u00ednea, particularmente cuando se haya obtenido al trav\u00e9s de alg\u00fan proveedor de informaci\u00f3n o de servicios.<br \/>c) Masbroker.com enfoca sus esfuerzos para ofrecer la tecnolog\u00eda m\u00e1s moderna y actualizada a fin de ofrecer a sus clientes\/usuarios la mayor seguridad posible en el manejo y transferencia de la informaci\u00f3n que es requerida en los diversos procesos de requerimiento de datos.<br \/>d) Masbroker.com evita la divulgaci\u00f3n de informaci\u00f3n acerca del cliente\/usuario, haci\u00e9ndolo \u00fanicamente respecto de aquellos datos que expresamente sean autorizados para ello.<br \/>e) En todo momento, Masbroker.com est\u00e1 atento a las inquietudes que manifiesten nuestros clientes\/usuarios respecto al manejo de la informaci\u00f3n que proporcionen para los diversos procesos en l\u00ednea.<br \/>f) Masbroker.com cuida de que estos principios de privacidad\/confidencialidad se extiendan al conjunto de relaciones comerciales al interior del grupo.<br \/>g) Masbroker.com comparte la responsabilidad del cuidado de la informaci\u00f3n con sus empleados, haci\u00e9ndolos copart\u00edcipes de los lineamientos expuestos en los documentos de \u201cPol\u00edticas de privacidad\/confidencialidad\u201d.<\/li><\/ol><p>\u00a0<\/p><p>\u00a0<\/p>\t\t\t\t\t\t<\/div>\n\t\t\t\t<\/div>\n\t\t\t\t\t<\/div>\n\t\t<\/div>\n\t\t\t\t\t\t\t<\/div>\n\t\t<\/section>\n\t\t\t\t\t\t<\/div>\n\t\t\t\t\t<\/div>\n\t\t","protected":false},"excerpt":{"rendered":"<p>Aviso de Privacidad Masbroker.com se compromete a asegurar la confidencialidad\/privacidad de la informaci\u00f3n personal obtenida a trav\u00e9s de sus servicios en l\u00ednea. Le sugerimos leer la normativa descrita a continuaci\u00f3n, para entender el tratamiento de su informaci\u00f3n personal cuando utiliza nuestros servicios en los sitios de Masbroker.com. Estas normas de confidencialidad pueden tener cambios en &hellip;<\/p>\n<p class=\"read-more\"> <a class=\"\" href=\"http:\/\/masbroker.com\/?page_id=265\"> <span class=\"screen-reader-text\">Aviso de Privacidad<\/span> Read More &raquo;<\/a><\/p>\n","protected":false},"author":1,"featured_media":0,"parent":0,"menu_order":0,"comment_status":"closed","ping_status":"closed","template":"","meta":{"footnotes":""},"class_list":["post-265","page","type-page","status-publish","hentry"],"_links":{"self":[{"href":"http:\/\/masbroker.com\/index.php?rest_route=\/wp\/v2\/pages\/265","targetHints":{"allow":["GET"]}}],"collection":[{"href":"http:\/\/masbroker.com\/index.php?rest_route=\/wp\/v2\/pages"}],"about":[{"href":"http:\/\/masbroker.com\/index.php?rest_route=\/wp\/v2\/types\/page"}],"author":[{"embeddable":true,"href":"http:\/\/masbroker.com\/index.php?rest_route=\/wp\/v2\/users\/1"}],"replies":[{"embeddable":true,"href":"http:\/\/masbroker.com\/index.php?rest_route=%2Fwp%2Fv2%2Fcomments&post=265"}],"version-history":[{"count":4,"href":"http:\/\/masbroker.com\/index.php?rest_route=\/wp\/v2\/pages\/265\/revisions"}],"predecessor-version":[{"id":269,"href":"http:\/\/masbroker.com\/index.php?rest_route=\/wp\/v2\/pages\/265\/revisions\/269"}],"wp:attachment":[{"href":"http:\/\/masbroker.com\/index.php?rest_route=%2Fwp%2Fv2%2Fmedia&parent=265"}],"curies":[{"name":"wp","href":"https:\/\/api.w.org\/{rel}","templated":true}]}}